se 8) in base 7?
113644
62606 (base 7) to base 3
210010002
2235 (base 7) to base 15
390
What is 1401011 (base 5) in base 8?
67140
What is 1825 (base 11) in base 4?
210112
-132202 (base 5) to base 7
-21313
What is -137e (base 15) in base 14?
-173b
What is a51 (base 13) in base 10?
1756
Convert 10100110101000 (base 2) to base 14.
3c5a
Convert -10111010110 (base 2) to base 10.
-1494
-4917 (base 13) to base 8
-24131
What is 10200220 (base 3) in base 12?
1689
What is 505 (base 13) in base 11?
703
Convert -69a (base 15) to base 14.
-78b
Convert 22202221 (base 3) to base 11.
4896
-56045 (base 8) to base 10
-23589
Convert 4725 (base 8) to base 12.
1559
Convert -340230 (base 5) to base 14.
-44cc
What is -73a (base 11) in base 4?
-31322
Convert -202020 (base 3) to base 14.
-2b0
What is -259 (base 12) in base 3?
-111020
What is 39 (base 10) in base 5?
124
Convert 2220 (base 6) to base 8.
1004
-323 (base 14) to base 2
-1001101011
What is -111033 (base 5) in base 6?
-30005
-15134 (base 6) to base 11
-1913
What is -3862 (base 9) in base 16?
-b4b
-130 (base 15) to base 4
-10032
What is 24300 (base 6) in base 9?
4800
-2434432 (base 5) to base 3
-2100102200
-16a9 (base 16) to base 12
-3435
Convert -ba08 (base 12) to base 5.
-1123311
What is -1001100101001101 (base 2) in base 3?
-1222211112
Convert 2414 (base 7) to base 14.
47b
What is 200010 (base 4) in base 10?
2052
-1100 (base 9) to base 8
-1452
2185 (base 9) to base 8
3120
Convert -2526 (base 7) to base 6.
-4223
What is -32a0 (base 16) in base 15?
-3c90
Convert 2502 (base 6) to base 9.
752
What is -20100 (base 6) in base 4?
-221010
Convert -201033 (base 4) to base 7.
-6126
862b (base 15) to base 3
1102221112
Convert -3516 (base 13) to base 3.
-101020010
What is 33 (base 8) in base 9?
30
Convert 7349 (base 13) to base 16.
3e4b
-53736 (base 8) to base 3
-1010212010
What is 6099 (base 10) in base 2?
1011111010011
Convert 2042 (base 11) to base 6.
20312
-31c (base 14) to base 11
-509
What is 823 (base 10) in base 4?
30313
What is -32033 (base 10) in base 6?
-404145
-10642 (base 8) to base 7
-16106
-100313 (base 4) to base 12
-75b
Convert -1022211 (base 3) to base 13.
-595
Convert -3504 (base 7) to base 15.
-5a3
Convert -2e7 (base 16) to base 8.
-1347
What is 20212011 (base 4) in base 9?
53256
Convert -623 (base 10) to base 11.
-517
845 (base 9) to base 7
2003
Convert 1003100 (base 4) to base 15.
141e
Convert -2a7 (base 11) to base 15.
-18e
What is -1c7 (base 16) in base 12?
-31b
What is 320 (base 9) in base 11?
218
6004 (base 7) to base 4
200032
What is 1276 (base 14) in base 7?
12306
What is -34021 (base 8) in base 5?
-424403
11342 (base 11) to base 15
4cc1
1131310 (base 4) to base 8
13564
Convert -17128 (base 9) to base 16.
-2dfb
-202 (base 5) to base 8
-64
2a50 (base 16) to base 7
43403
What is 115263 (base 7) in base 16?
524a
What is 420444 (base 5) in base 13?
6413
-40441 (base 5) to base 4
-220331
What is 42042 (base 7) in base 11?
7832
What is 100121 (base 5) in base 8?
6131
13121 (base 7) to base 9
4712
-111101110101011 (base 2) to base 12
-163a3
-5bc (base 14) to base 3
-1120110
120222 (base 3) to base 16
1af
2956 (base 12) to base 16
12d2
Convert -10010100111001 (base 2) to base 9.
-14057
Convert -1441 (base 5) to base 12.
-186
-b3 (base 13) to base 11
-123
Convert 1100111010001100 (base 2) to base 11.
367aa
-2110121222 (base 3) to base 15
-e5d2
Convert 97a (base 12) to base 2.
10101101110
What is -4143 (base 5) in base 16?
-224
What is -1816 (base 14) in base 12?
-2610
20002110 (base 3) to base 11
3377
11101000001 (base 2) to base 4
131001
What is -21441 (base 6) in base 10?
-2977
558 (base 16) to base 6
10200
What is 9c0 (base 15) in base 4?
202131
4f9 (base 16) to base 6
5521
-1c4 (base 13) to base 6
-1305
Convert 25312 (base 6) to base 12.
2238
Convert 5476 (base 10) to base 13.
2653
-dd5 (base 16) to base 3
-11212011
Convert 2a3b (base 14) to base 10.
7501
What is 515 (base 9) in base 4?
12203
Convert -21a (base 11) to base 8.
-407
Convert 335 (base 9) to base 13.
182
-5214 (base 6) to base 2
-10010001010
Convert -2012021211 (base 3) to base 7.
-240004
Convert 3241 (base 7) to base 15.
521
Convert -670 (base 10) to base 2.
-1010011110
1a4b (base 15) to base 8
13100
What is -134615 (base 7) in base 10?
-25688
-2671 (base 9) to base 15
-8dd
Convert 23142 (base 10) to base 13.
a6c2
Convert 585 (base 13) to base 15.
439
-35a8 (base 11) to base 16
-126c
What is 3400 (base 12) in base 2?
1011010000000
422040 (base 5) to base 10
14020
-3665 (base 8) to base 5
-30343
Convert -3185 (base 10) to base 14.
-1237
What is -434 (base 13) in base 10?
-719
11343 (base 5) to base 10
848
Convert 21554 (base 6) to base 15.
d67
What is 116a9 (base 13) in base 4?
13302213
-1440 (base 15) to base 7
-15432
Convert 111021 (base 3) to base 6.
1354
Convert -31a (base 13) to base 9.
-648
Convert 1e8d (base 16) to base 2.
1111010001101
Convert -21200 (base 3) to base 12.
-153
What is -111101010101 (base 2) in base 6?
-30101
Convert 4c3 (base 14) to base 16.
3bb
Convert 1266 (base 13) to base 8.
5073
Convert -1536 (base 7) to base 6.
-2503
Convert 1144 (base 10) to base 2.
10001111000
What is 479 (base 16) in base 9?
1512
What is 523234 (base 6) in base 15?
c794
-1100100010 (base 2) to base 6
-3414
824 (base 13) to base 6
10222
What is 57b (base 15) in base 16?
4d9
What is 1646 (base 12) in base 5?
41041
Convert -20123 (base 8) to base 14.
-3031
What is 315 (base 12) in base 13?
287
Convert -5e43 (base 16) to base 10.
-24131
What is 1330214 (base 5) in base 6?
324410
-2443 (base 13) to base 8
-12005
What is 34725 (base 10) in base 7?
203145
What is -2022 (base 4) in base 12?
-b6
-1128 (base 10) to base 14
-5a8
27d8 (base 16) to base 9
14883
-488 (base 15) to base 10
-1028
What is -140444 (base 6) in base 2?
-11001101001100
What is -6ba (base 15) in base 9?
-2074
Convert 110331 (base 4) to base 13.
7c2
What is -300 (base 9) in base 8?
-363
-241356 (base 7) to base 2
-1010101011100101
Convert b82 (base 12) to base 13.
9c5
What is 13312 (base 5) in base 2?
10000111010
Convert -cb (base 14) to base 2.
-10110011
Convert -2580 (base 16) to base 5.
-301400
What is -327 (base 14) in base 6?
-2515
3201101 (base 4) to base 7
60014
-11433 (base 5) to base 16
-364
Convert -2514 (base 16) to base 15.
-2c2c
-5521 (base 7) to base 15
-8ba
-1111200010 (base 3) to base 16
-73d1
-15226 (base 11) to base 7
-116606
Convert 241045 (base 6) to base 12.
10185
What is -2222 (base 6) in base 10?
-518
Convert -150403 (base 6) to base 8.
-34103
What is 1804 (base 9) in base 15?
621
Convert -3033 (base 5) to base 3.
-112120
-845 (base 10) to base 13
-500
What is -1213301 (base 5) in base 6?
-254131
Convert -53061 (base 7) to base 9.
-18840
What is -54362 (base 8) in base 16?
-58f2
What is 126 (base 13) in base 5?
1301
Convert 425 (base 7) to base 3.
21222
Convert -250032 (base 6) to base 11.
-15628
Convert -4a4 (base 16) to base 4.
-102210
Convert 2e36 (base 16) to base 15.
378a
What is -7005 (base 12) in base 3?
-121121012
Convert 1000011101101000 (base 2) to base 9.
52485
Convert 31c7 (base 13) to base 5.
210143
What is 33231 (base 4) in base 2?
1111101101
33224 (base 10) to base 8
100710
Convert -4b (base 16) to base 2.
-1001011
-770 (base 9) to base 6
-2530
What is -13310002 (base 4) in base 14?
-b93c
Convert 1110221220 (base 3) to base 5.
1413010
-2211211012 (base 3) to base 5
-3243003
What is 4133 (base 5) in base 15?
263
-13222 (base 6) to base 3
-2210012
Convert -4d2 (base 14) to base 10.
-968
What is 5514 (base 12) in base 2?
10010010100000
-20112220 (base 3) to base 2
-1001010101000
Convert -35132 (base 6) to base 12.
-2aa8
What is 21264 (base 7) in base 16?
14a9
-1f0 (base 16) to base 4
-13300
What is 22607 (base 8) in base 6?
112251
-226a (base 13) to base 14
-1a84
-1000001 (base 2) to base 11
-5a
24c (base 13) to base 6
1510
-784f (base 16) to base 3
-1120020201
Convert -27b (base 12) to base 7.
-1055
-152256 (base 7) to base 16
-73c5
What is 221200120 (base 3) in base 2?
100100100100110
-312011 (base 5) to base 11
-7784
Convert -1322010 (base 4) to base 8.
-17204
12001111 (base 3) to base 16
e65
-6077 (base 10) to base 4
-1132331
Convert -2140 (base 7) to base 9.
-1037
Convert -6235 (base 7) to base 15.
-9a7
Convert -22201 (base 3) to